{"id":1658,"date":"2019-07-23T15:07:53","date_gmt":"2019-07-23T15:07:53","guid":{"rendered":"https:\/\/esquare.ro\/site\/?page_id=1658"},"modified":"2025-11-12T15:57:52","modified_gmt":"2025-11-12T15:57:52","slug":"webdesign-si-gazduire","status":"publish","type":"page","link":"https:\/\/esquare.ro\/site\/servicii-it\/webdesign-si-gazduire\/","title":{"rendered":"Webdesign \u0219i G\u0103zduire"},"content":{"rendered":"<p>[et_pb_section fb_built=&#8221;1&#8243; _builder_version=&#8221;4.27.4&#8243; background_color=&#8221;#f0efef&#8221; global_colors_info=&#8221;{}&#8221;][et_pb_row _builder_version=&#8221;4.16&#8243; global_colors_info=&#8221;{}&#8221;][et_pb_column type=&#8221;4_4&#8243; _builder_version=&#8221;4.16&#8243; global_colors_info=&#8221;{}&#8221;][et_pb_text _builder_version=&#8221;4.16&#8243; text_text_align=&#8221;right&#8221; global_colors_info=&#8221;{}&#8221;]<\/p>\n<h1>Design Website \u0219i G\u0103zduire<\/h1>\n<p>[\/et_pb_text][\/et_pb_column][\/et_pb_row][et_pb_row column_structure=&#8221;2_5,3_5&#8243; _builder_version=&#8221;4.16&#8243; global_colors_info=&#8221;{}&#8221;][et_pb_column type=&#8221;2_5&#8243; _builder_version=&#8221;4.16&#8243; global_colors_info=&#8221;{}&#8221;][et_pb_image src=&#8221;https:\/\/esquare.ro\/site\/wp-content\/uploads\/webdesign-03.png&#8221; title_text=&#8221;webdesign-03&#8243; _builder_version=&#8221;4.27.4&#8243; global_colors_info=&#8221;{}&#8221;][\/et_pb_image][\/et_pb_column][et_pb_column type=&#8221;3_5&#8243; _builder_version=&#8221;4.16&#8243; global_colors_info=&#8221;{}&#8221;][et_pb_text _builder_version=&#8221;4.27.4&#8243; header_font=&#8221;||||||||&#8221; header_2_line_height=&#8221;1.25em&#8221; text_orientation=&#8221;justified&#8221; custom_margin=&#8221;5vh||||false|false&#8221; global_colors_info=&#8221;{}&#8221;]<\/p>\n<h2><span>ESQ by ESQUARE<\/span><\/h2>\n<p><span>Solu\u021bii complete de design Web, \u00eenregistrare \u0219i gestionare domenii Web, g\u0103zduire (Shared Hosting, VPS, \u00eenchiriere \u0219i colocare servere) \u0219i mentenan\u021b\u0103 pentru acestea \u00een cadrul proiectului <\/span><a href=\"https:\/\/www.esq.ro\/\"><strong>ESQ by ESQUARE<\/strong><\/a><span>, solu\u021bia noastr\u0103 de servicii Web care vine \u00een completarea serviciilor IT c\u0103tre companii.<\/span><\/p>\n<p>[\/et_pb_text][\/et_pb_column][\/et_pb_row][et_pb_row column_structure=&#8221;3_4,1_4&#8243; _builder_version=&#8221;4.27.4&#8243; global_colors_info=&#8221;{}&#8221;][et_pb_column type=&#8221;3_4&#8243; _builder_version=&#8221;4.16&#8243; global_colors_info=&#8221;{}&#8221;][et_pb_text _builder_version=&#8221;4.27.4&#8243; text_orientation=&#8221;right&#8221; custom_margin=&#8221;3vh||||false|false&#8221; text_text_align=&#8221;center&#8221; global_colors_info=&#8221;{}&#8221;]<\/p>\n<h1>Design Website<\/h1>\n<p>[\/et_pb_text][\/et_pb_column][et_pb_column type=&#8221;1_4&#8243; _builder_version=&#8221;4.16&#8243; global_colors_info=&#8221;{}&#8221;][et_pb_code _builder_version=&#8221;4.27.4&#8243; _module_preset=&#8221;default&#8221; text_orientation=&#8221;center&#8221; global_colors_info=&#8221;{}&#8221;]<svg xmlns=\"http:\/\/www.w3.org\/2000\/svg\" width=\"128\" height=\"128\" viewBox=\"0 0 32 32\"><title>code<\/title><path fill=\"#aaaaaa\" d=\"M16 31.587c-8.6 0-15.588-6.994-15.588-15.588s6.987-15.594 15.588-15.594c3.7 0 7.281 1.319 10.087 3.706 0.175 0.15 0.2 0.419 0.050 0.594-0.15 0.181-0.419 0.2-0.594 0.050-2.656-2.256-6.044-3.5-9.544-3.5-8.131 0-14.744 6.612-14.744 14.744 0 8.125 6.612 14.737 14.744 14.737 8.125 0 14.744-6.613 14.744-14.738 0-3.488-1.238-6.869-3.488-9.519-0.15-0.175-0.131-0.444 0.050-0.594 0.175-0.15 0.444-0.131 0.594 0.050 2.381 2.806 3.688 6.381 3.688 10.069 0 8.587-6.994 15.581-15.588 15.581z\"><\/path><path id=\"svg-ico\" fill=\"#0047ab\" d=\"M20.844 20.269c-0.106 0-0.219-0.044-0.3-0.125-0.163-0.163-0.163-0.431 0-0.6l3.544-3.544-3.544-3.544c-0.163-0.162-0.163-0.431 0-0.6 0.163-0.162 0.431-0.162 0.6 0l3.844 3.844c0.163 0.162 0.163 0.431 0 0.6l-3.844 3.844c-0.081 0.081-0.194 0.125-0.3 0.125z\"><\/path><path id=\"svg-ico\" fill=\"#0047ab\" d=\"M11.15 20.269c-0.106 0-0.219-0.044-0.3-0.125l-3.844-3.844c-0.162-0.163-0.162-0.431 0-0.6l3.844-3.844c0.162-0.162 0.431-0.162 0.6 0 0.162 0.162 0.162 0.431 0 0.6l-3.544 3.544 3.544 3.544c0.162 0.163 0.162 0.431 0 0.6-0.081 0.081-0.188 0.125-0.3 0.125z\"><\/path><path fill=\"#666\" d=\"M13.919 22.769c-0.044 0-0.088-0.006-0.131-0.019-0.219-0.075-0.344-0.313-0.269-0.538l4.231-12.694c0.075-0.219 0.319-0.344 0.538-0.269s0.344 0.313 0.269 0.537l-4.231 12.694c-0.063 0.175-0.231 0.288-0.406 0.288z\"><\/path><\/svg>[\/et_pb_code][\/et_pb_column][\/et_pb_row][et_pb_row column_structure=&#8221;1_3,1_3,1_3&#8243; _builder_version=&#8221;4.27.4&#8243; global_colors_info=&#8221;{}&#8221;][et_pb_column type=&#8221;1_3&#8243; _builder_version=&#8221;4.16&#8243; global_colors_info=&#8221;{}&#8221;][et_pb_text _builder_version=&#8221;4.16&#8243; text_orientation=&#8221;justify&#8221; text_text_align=&#8221;justify&#8221; global_colors_info=&#8221;{}&#8221;]<\/p>\n<h2><span style=\"color: #0c71c3;\">Responsive Design<\/span><\/h2>\n<p>Web Site-ul dumneavoastr\u0103 va fi optimizat pentru afi\u0219are corect\u0103 \u0219i rapid\u0103, indiferent de dimensiunea ecranului de pe care este accesat.<\/p>\n<p>[\/et_pb_text][\/et_pb_column][et_pb_column type=&#8221;1_3&#8243; _builder_version=&#8221;4.16&#8243; global_colors_info=&#8221;{}&#8221;][et_pb_text _builder_version=&#8221;4.16&#8243; text_orientation=&#8221;justify&#8221; text_text_align=&#8221;justify&#8221; global_colors_info=&#8221;{}&#8221;]<\/p>\n<h2><span style=\"color: #0c71c3;\">Optimizare\u00a0SEO<\/span><\/h2>\n<p>Utiliz\u0103m cele mai noi tehnologii \u0219i respect\u0103m toate recomand\u0103rile din domeniu astfel \u00eenc\u00e2t site-ul dumnevoastr\u0103 s\u0103 fie indexat c\u00e2t mai eficient \u0219i rapid \u00een motoarele de c\u0103utare.[\/et_pb_text][\/et_pb_column][et_pb_column type=&#8221;1_3&#8243; _builder_version=&#8221;4.16&#8243; global_colors_info=&#8221;{}&#8221;][et_pb_text _builder_version=&#8221;4.16&#8243; text_orientation=&#8221;justify&#8221; text_text_align=&#8221;justify&#8221; global_colors_info=&#8221;{}&#8221;]<\/p>\n<h2><span style=\"color: #0c71c3;\">Optimizare afi\u0219are<\/span><\/h2>\n<p>Verific\u0103m atent compatibilitatea cu principalele browsere \u0219i optimiz\u0103m fiecare element, secven\u021b\u0103 de cod \u0219i imagine pentru reducerea timpilor de \u00eenc\u0103rcare \u0219i o afi\u0219are c\u00e2t mai rapid\u0103.[\/et_pb_text][\/et_pb_column][\/et_pb_row][et_pb_row column_structure=&#8221;1_3,1_3,1_3&#8243; _builder_version=&#8221;4.16&#8243; global_colors_info=&#8221;{}&#8221;][et_pb_column type=&#8221;1_3&#8243; _builder_version=&#8221;4.16&#8243; global_colors_info=&#8221;{}&#8221;][et_pb_text _builder_version=&#8221;4.16&#8243; text_orientation=&#8221;justify&#8221; text_text_align=&#8221;justify&#8221; global_colors_info=&#8221;{}&#8221;]<\/p>\n<h2><span style=\"color: #0c71c3;\">Administrare facil\u0103<\/span><\/h2>\n<p>Interfa\u021b\u0103 usor de folosit, \u00een care se afi\u0219eaz\u0103 formatul grafic final (WYSIWYG Builder), ve\u021bi putea schimba ulterior orice text sau imagine de pe site f\u0103r\u0103 a avea cunostinte avansate de web design sau programare.<\/p>\n<p>[\/et_pb_text][\/et_pb_column][et_pb_column type=&#8221;1_3&#8243; _builder_version=&#8221;4.16&#8243; global_colors_info=&#8221;{}&#8221;][et_pb_text _builder_version=&#8221;4.16&#8243; text_orientation=&#8221;justify&#8221; text_text_align=&#8221;justify&#8221; global_colors_info=&#8221;{}&#8221;]<\/p>\n<h2><span style=\"color: #0c71c3;\">Raportare activitate<\/span><\/h2>\n<p>Afi\u0219area rapoartelor periodice, simple sau avansate (<span>Analytics, Facebook Pixel, etc.<\/span>), privind interac\u021biunea vizitatorilor cu site-ul \u0219i interesul acestora pentru anumite informa\u021bii afi\u0219ate.<\/p>\n<p>[\/et_pb_text][\/et_pb_column][et_pb_column type=&#8221;1_3&#8243; _builder_version=&#8221;4.16&#8243; global_colors_info=&#8221;{}&#8221;][et_pb_text _builder_version=&#8221;4.27.4&#8243; text_orientation=&#8221;justify&#8221; text_text_align=&#8221;justify&#8221; global_colors_info=&#8221;{}&#8221;]<\/p>\n<h2><span style=\"color: #0c71c3;\">Securitate site<\/span><\/h2>\n<p>De la utilizarea certificatului SSL \u0219i p\u00e2n\u0103 la testarea vulnerabilit\u0103\u021bilor, ne asigur\u0103m ca situl este protejat \u00eempotriva \u00eencerc\u0103rilor de acces neautorizat la baza de date sau codul surs\u0103.<\/p>\n<p>[\/et_pb_text][\/et_pb_column][\/et_pb_row][et_pb_row column_structure=&#8221;1_4,3_4&#8243; _builder_version=&#8221;4.27.4&#8243; custom_margin=&#8221;10vh||||false|false&#8221; global_colors_info=&#8221;{}&#8221;][et_pb_column type=&#8221;1_4&#8243; _builder_version=&#8221;4.16&#8243; global_colors_info=&#8221;{}&#8221;][et_pb_code _builder_version=&#8221;4.27.4&#8243; _module_preset=&#8221;default&#8221; text_orientation=&#8221;center&#8221; global_colors_info=&#8221;{}&#8221;]<svg xmlns=\"http:\/\/www.w3.org\/2000\/svg\" width=\"128\" height=\"128\" viewBox=\"0 0 32 32\"><title>cloudfiber<\/title><path id=\"svg-ico\" fill=\"#0047ab\" d=\"M21.294 1.969c-0.012 0-0.025 0-0.038 0h-0.156c-0.012 0-0.025 0-0.038 0-5.325 0.087-10.656 3.756-10.656 10.688 0 0.238 0.194 0.425 0.425 0.425 0.238 0 0.425-0.194 0.425-0.425 0-6.719 5.125-9.8 9.912-9.838 5.387 0.038 9.762 4.438 9.762 9.838 0 5.425-4.412 9.837-9.838 9.837h-13.325c-3.725 0-6.756-3.031-6.756-6.756s3.031-6.756 6.756-6.756c0.238 0 0.425-0.194 0.425-0.425s-0.194-0.425-0.425-0.425c-4.2-0.006-7.612 3.412-7.612 7.606s3.413 7.613 7.612 7.613h13.331c5.894 0 10.694-4.794 10.694-10.694 0-5.825-4.694-10.581-10.5-10.688z\"><\/path><path fill=\"#666666\" d=\"M24.413 28.15h-6.781c-0.156-0.6-0.631-1.075-1.231-1.231v-2.194c0-0.238-0.194-0.425-0.425-0.425-0.238 0-0.425 0.194-0.425 0.425v2.194c-0.6 0.156-1.075 0.631-1.231 1.231h-6.781c-0.237 0-0.425 0.194-0.425 0.425s0.194 0.425 0.425 0.425h6.781c0.188 0.738 0.863 1.281 1.656 1.281s1.469-0.544 1.656-1.281h6.781c0.238 0 0.425-0.194 0.425-0.425s-0.188-0.425-0.425-0.425zM15.975 29.431c-0.469 0-0.856-0.381-0.856-0.856 0 0 0 0 0 0s0 0 0 0c0-0.469 0.381-0.856 0.856-0.856s0.856 0.381 0.856 0.856c0 0.475-0.387 0.856-0.856 0.856z\"><\/path><path fill=\"#999999\" d=\"M21.238 6.931c0.238 0 0.425-0.194 0.425-0.431-0.006-0.237-0.219-0.444-0.431-0.425-3.381 0.044-6.375 2.719-6.675 6.044l0.006 0.075c0.006 0.156 0.012 0.313 0.012 0.463 0 0.238 0.194 0.425 0.425 0.425 0.238 0 0.425-0.194 0.425-0.425 0-0.162-0.006-0.331-0.012-0.525l-0.012-0.019c0.269-2.819 2.888-5.144 5.838-5.181z\"><\/path><\/svg>[\/et_pb_code][\/et_pb_column][et_pb_column type=&#8221;3_4&#8243; _builder_version=&#8221;4.16&#8243; global_colors_info=&#8221;{}&#8221;][et_pb_text _builder_version=&#8221;4.27.4&#8243; custom_margin=&#8221;4vh||||false|false&#8221; text_text_align=&#8221;center&#8221; global_colors_info=&#8221;{}&#8221;]<\/p>\n<h1>G\u0103zduire web<\/h1>\n<p>[\/et_pb_text][\/et_pb_column][\/et_pb_row][et_pb_row column_structure=&#8221;1_3,1_3,1_3&#8243; _builder_version=&#8221;4.16&#8243; global_colors_info=&#8221;{}&#8221;][et_pb_column type=&#8221;1_3&#8243; _builder_version=&#8221;4.16&#8243; global_colors_info=&#8221;{}&#8221;][et_pb_text _builder_version=&#8221;4.16&#8243; text_orientation=&#8221;justify&#8221; text_text_align=&#8221;justify&#8221; global_colors_info=&#8221;{}&#8221;]<\/p>\n<h2><span style=\"color: #0c71c3;\">\u00cenregistrare Domeniu<\/span><\/h2>\n<p>Servicii de \u00eenregistrare domenii web at\u00e2t din zona .ro, .com, .net, .org, .info, .eu,\u00a0c\u00e2t \u0219i alte extensii noi.\u00a0Domeniile ad\u0103ugate\u00a0\u00een pachet de g\u0103zduire, beneficiaz\u0103 de reduceri substan\u021biale.<\/p>\n<p>[\/et_pb_text][\/et_pb_column][et_pb_column type=&#8221;1_3&#8243; _builder_version=&#8221;4.16&#8243; global_colors_info=&#8221;{}&#8221;][et_pb_text _builder_version=&#8221;4.16&#8243; text_orientation=&#8221;justify&#8221; text_text_align=&#8221;justify&#8221; global_colors_info=&#8221;{}&#8221;]<\/p>\n<h2><span style=\"color: #0c71c3;\">G\u0103zduire Site-uri<\/span><\/h2>\n<p>Servicii de g\u0103zduire pe servere proprii puternice (min. 10-core Dual Xeon, stocare SSD), certificat Let&#8217;S Encrypt SSL gratuit, interfa\u021b\u0103 CPanel, PHP selector \u0219i backup zilnic.<\/p>\n<p>[\/et_pb_text][\/et_pb_column][et_pb_column type=&#8221;1_3&#8243; _builder_version=&#8221;4.16&#8243; global_colors_info=&#8221;{}&#8221;][et_pb_text _builder_version=&#8221;4.16&#8243; text_orientation=&#8221;justify&#8221; text_text_align=&#8221;justify&#8221; global_colors_info=&#8221;{}&#8221;]<\/p>\n<h2><span style=\"color: #0c71c3;\">G\u0103zduire Servere<\/span><\/h2>\n<p>Servere Virtuale Privare (VPS), Servere Dedicate \u0219i\u00a0servicii de colocare \u00een Data Center modern, cu garantare uptime 99.95%.<\/p>\n<p>[\/et_pb_text][\/et_pb_column][\/et_pb_row][et_pb_row column_structure=&#8221;1_3,1_3,1_3&#8243; _builder_version=&#8221;4.27.4&#8243; hover_enabled=&#8221;0&#8243; global_colors_info=&#8221;{}&#8221; make_equal=&#8221;on&#8221; sticky_enabled=&#8221;0&#8243;][et_pb_column type=&#8221;1_3&#8243; _builder_version=&#8221;4.16&#8243; global_colors_info=&#8221;{}&#8221;][et_pb_text _builder_version=&#8221;4.16&#8243; text_orientation=&#8221;justify&#8221; text_text_align=&#8221;justify&#8221; global_colors_info=&#8221;{}&#8221;]<\/p>\n<h2><span style=\"color: #0c71c3;\">Transfer Gratuit<\/span><\/h2>\n<p>\u00cen limita a 5 ore de prest\u0103ri de servicii pentru sit-ul dumneavoastra existent. Este mai mult dec\u00e2t suficient pentru un site web simplu sau de complexitate medie.<\/p>\n<p>[\/et_pb_text][\/et_pb_column][et_pb_column type=&#8221;1_3&#8243; _builder_version=&#8221;4.16&#8243; global_colors_info=&#8221;{}&#8221;][et_pb_text _builder_version=&#8221;4.16&#8243; text_orientation=&#8221;justify&#8221; text_text_align=&#8221;justify&#8221; global_colors_info=&#8221;{}&#8221;]<\/p>\n<h2><span style=\"color: #0c71c3;\">Administrare Cont G\u0103zduit<\/span><\/h2>\n<p>Putem opera upload de con\u021binut, putem gestiona conturi de email, baze de date, etc., astfel \u00eenc\u00e2t dvs. s\u0103 v\u0103 concentra\u021bi doar asupra activit\u0103\u021bii pe care o desf\u0103\u0219ura\u021bi.<\/p>\n<p>[\/et_pb_text][\/et_pb_column][et_pb_column type=&#8221;1_3&#8243; _builder_version=&#8221;4.27.4&#8243; hover_enabled=&#8221;0&#8243; global_colors_info=&#8221;{}&#8221; custom_css_main_element=&#8221;margin:auto;&#8221; sticky_enabled=&#8221;0&#8243;][et_pb_button button_url=&#8221;https:\/\/esq.ro\/webhosting\/&#8221; button_text=&#8221;Afla\u021bi mai multe detalii pe esq.ro&#8221; button_alignment=&#8221;center&#8221; _builder_version=&#8221;4.27.4&#8243; _module_preset=&#8221;default&#8221; hover_enabled=&#8221;0&#8243; global_colors_info=&#8221;{}&#8221; custom_button=&#8221;on&#8221; button_bg_color=&#8221;#f0efef&#8221; button_bg_enable_color=&#8221;on&#8221; button_bg_color__hover_enabled=&#8221;on|desktop&#8221; sticky_enabled=&#8221;0&#8243; button_bg_color__hover=&#8221;#0047AB&#8221; button_bg_enable_color__hover=&#8221;on&#8221; button_bg_use_color_gradient__hover=&#8221;off&#8221;][\/et_pb_button][\/et_pb_column][\/et_pb_row][\/et_pb_section][et_pb_section fb_built=&#8221;1&#8243; _builder_version=&#8221;4.27.4&#8243; _module_preset=&#8221;default&#8221; background_enable_color=&#8221;off&#8221; use_background_color_gradient=&#8221;on&#8221; background_color_gradient_stops=&#8221;#f0efef 0%|#dcdcdc 100%&#8221; custom_margin=&#8221;||0px||false|false&#8221; custom_padding=&#8221;5vh||2vh||false|false&#8221; global_module=&#8221;2246&#8243; saved_tabs=&#8221;all&#8221; global_colors_info=&#8221;{}&#8221;][et_pb_row use_custom_gutter=&#8221;on&#8221; gutter_width=&#8221;1&#8243; make_equal=&#8221;on&#8221; _builder_version=&#8221;4.27.4&#8243; _module_preset=&#8221;default&#8221; global_colors_info=&#8221;{}&#8221;][et_pb_column type=&#8221;4_4&#8243; _builder_version=&#8221;4.27.4&#8243; _module_preset=&#8221;default&#8221; global_colors_info=&#8221;{}&#8221;][et_pb_text _builder_version=&#8221;4.27.4&#8243; _module_preset=&#8221;default&#8221; text_text_color=&#8221;#666666&#8243; text_font_size=&#8221;12px&#8221; text_line_height=&#8221;1.5em&#8221; custom_padding=&#8221;1.5rem|||1rem|false|false&#8221; custom_css_main_element=&#8221;float:right;&#8221; global_colors_info=&#8221;{}&#8221;]<\/p>\n<p>Creat \u0219i g\u0103zduit de<\/p>\n<p><span style=\"font-size: 18px; color: #444444;\">ESQ by ESQUARE<\/span><br \/>simple hosting solutions<\/p>\n<p>[\/et_pb_text][et_pb_text _builder_version=&#8221;4.27.4&#8243; _module_preset=&#8221;default&#8221; text_font_size=&#8221;14px&#8221; text_line_height=&#8221;1.5em&#8221; header_4_line_height=&#8221;1.25em&#8221; global_colors_info=&#8221;{}&#8221;]<\/p>\n<p><img loading=\"lazy\" decoding=\"async\" src=\"https:\/\/esquare.ro\/site\/wp-content\/uploads\/esq-grey.png\" width=\"120\" height=\"100\" alt=\"\" class=\"wp-image-1357 alignleft size-full\" \/><\/p>\n<h4 style=\"padding-top: 0.25em;\">ESQUARE SYSTEMS<\/h4>\n<p>Str. Matei Basarab Nr. 85, Bl. L119bis, Sc. A, Ap. 1, Parter, Sector 3, Bucure\u0219ti<br \/>(+4) <strong>031 420 4430<\/strong>\u2003|\u2003esquare<svg width=\"18px\" height=\"16px\" style=\"margin-bottom: -4px;\" viewbox=\"0 0 24 24\" xmlns=\"http:\/\/www.w3.org\/2000\/svg\" fill=\"none\"> <path stroke=\"#444444\" stroke-linecap=\"round\" stroke-linejoin=\"round\" stroke-width=\"2\" d=\"M16 20.064A9 9 0 1 1 21 12v1.5a2.5 2.5 0 0 1-5 0V8m0 4a4 4 0 1 1-8 0 4 4 0 0 1 8 0Z\"><\/path><\/svg>esquare.ro<\/p>\n<p>[\/et_pb_text][\/et_pb_column][\/et_pb_row][\/et_pb_section]<\/p>\n","protected":false},"excerpt":{"rendered":"<p>Design Website \u0219i G\u0103zduireESQ by ESQUARE Solu\u021bii complete de design Web, \u00eenregistrare \u0219i gestionare domenii Web, g\u0103zduire (Shared Hosting, VPS, \u00eenchiriere \u0219i colocare servere) \u0219i mentenan\u021b\u0103 pentru acestea \u00een cadrul proiectului ESQ by ESQUARE, solu\u021bia noastr\u0103 de servicii Web care vine \u00een completarea serviciilor IT c\u0103tre companii.Design WebsiteResponsive Design Web Site-ul dumneavoastr\u0103 va fi optimizat [&hellip;]<\/p>\n","protected":false},"author":1,"featured_media":0,"parent":67,"menu_order":7,"comment_status":"closed","ping_status":"closed","template":"","meta":{"_et_pb_use_builder":"on","_et_pb_old_content":"","_et_gb_content_width":"","footnotes":""},"class_list":["post-1658","page","type-page","status-publish","hentry"],"_links":{"self":[{"href":"https:\/\/esquare.ro\/site\/wp-json\/wp\/v2\/pages\/1658","targetHints":{"allow":["GET"]}}],"collection":[{"href":"https:\/\/esquare.ro\/site\/wp-json\/wp\/v2\/pages"}],"about":[{"href":"https:\/\/esquare.ro\/site\/wp-json\/wp\/v2\/types\/page"}],"author":[{"embeddable":true,"href":"https:\/\/esquare.ro\/site\/wp-json\/wp\/v2\/users\/1"}],"replies":[{"embeddable":true,"href":"https:\/\/esquare.ro\/site\/wp-json\/wp\/v2\/comments?post=1658"}],"version-history":[{"count":0,"href":"https:\/\/esquare.ro\/site\/wp-json\/wp\/v2\/pages\/1658\/revisions"}],"up":[{"embeddable":true,"href":"https:\/\/esquare.ro\/site\/wp-json\/wp\/v2\/pages\/67"}],"wp:attachment":[{"href":"https:\/\/esquare.ro\/site\/wp-json\/wp\/v2\/media?parent=1658"}],"curies":[{"name":"wp","href":"https:\/\/api.w.org\/{rel}","templated":true}]}}